{"id":6801,"date":"2017-06-13T14:33:57","date_gmt":"2017-06-13T14:33:57","guid":{"rendered":"http:\/\/www.goloarte.com\/?page_id=6801"},"modified":"2019-03-11T18:09:48","modified_gmt":"2019-03-11T18:09:48","slug":"sobre-mi","status":"publish","type":"page","link":"https:\/\/www.goloarte.com\/index.php\/sobre-mi\/","title":{"rendered":"Sobre mi"},"content":{"rendered":"<p>[vc_row row_content_width=\u00bbgrid\u00bb disable_background_image=\u00bb\u00bb css=\u00bb.vc_custom_1487667662669{padding-top: 10.4% !important;padding-bottom: 15% !important;}\u00bb][vc_column offset=\u00bbvc_col-lg-offset-0 vc_col-lg-5 vc_col-md-offset-0 vc_col-md-12 vc_col-sm-offset-0&#8243;]<div class=\"eltdf-elements-holder eltdf-one-column eltdf-responsive-mode-768\" ><div class=\"eltdf-eh-item \"  data-item-class=\"eltdf-eh-custom-230705\" data-1024-1280=\"0%\" data-768-1024=\"0%\" data-600-768=\"0%\" data-480-600=\"0%\" data-480=\"0%\">\n\t<div class=\"eltdf-eh-item-inner\">\n\t\t<div class=\"eltdf-eh-item-content eltdf-eh-custom-230705\" style=\"padding: 0 3% 0 8%\">\n\t\t\t[vc_single_image image=\u00bb7345&#8243; img_size=\u00bbfull\u00bb][vc_empty_space height=\u00bb50px\u00bb]\t\t<\/div>\n\t<\/div>\n<\/div><\/div>[\/vc_column][vc_column offset=\u00bbvc_col-lg-offset-0 vc_col-lg-7 vc_col-md-offset-0 vc_col-md-12 vc_col-sm-offset-0&#8243;][vc_empty_space height=\u00bb11px\u00bb]<div class=\"eltdf-section-title-holder eltdf-default-separator-image\" style=\"text-align: left\">\n\t\t\t<h1 class=\"eltdf-st-title\" >\n\t\t\t<span>SOBRE MI<\/span>\n\t\t<\/h1>\n\t\t\t\t<div class=\"eltdf-st-separator\" style=\"margin-top: 28px\">\n\t\t\t\t\t\t\t<img decoding=\"async\" itemprop=\"image\" class=\"eltdf-st-separator-image\" src=\"https:\/\/www.goloarte.com\/wp-content\/plugins\/eltdf-core\/shortcodes\/section-title\/assets\/img\/section-title.svg\" alt=\"Section Title Separator\" \/>\n\t\t\t\t\t<\/div>\n\t\t\t\t<h4 class=\"eltdf-st-text\" style=\"margin-top: 37px\">Natalia Galovastikova, una mirada observadora y precisa que contempla la realidad de su entorno y fija con virtuosa precisi\u00f3n en el lienzo.<\/h4>\n\t<\/div>[vc_empty_space height=\u00bb30px\u00bb][vc_column_text]Me llamo Natalia Golovastikova y nac\u00ed en Saratov (Rusia). Desde muy corta edad despert\u00f3 en m\u00ed una gran afici\u00f3n por la pintura, cursando estudios de preparaci\u00f3n durante un a\u00f1o para poder acceder a la prestigiosa Academia de Artes Bogolyubov en Rusia. Dicha Academia cuenta con 120 a\u00f1os de trayectoria y su fundador Bogolyubov est\u00e1 considerado como uno de los grandes pintores rusos de su tiempo.<\/p>\n<p>[\/vc_column_text][vc_empty_space height=\u00bb20px\u00bb][vc_column_text]Durante cuatro a\u00f1os que comprenden desde 1993 hasta 1997, estudi\u00e9 con tes\u00f3n para obtener el Diploma de Pintor y Dise\u00f1ador, trabajando los dos a\u00f1os posteriores como dise\u00f1adora.[\/vc_column_text][vc_empty_space height=\u00bb20px\u00bb][vc_column_text]Desde 1999 vivo y trabajo en Espa\u00f1a, donde gran parte de mis obras se hayan en colecciones privadas en distintos como Espa\u00f1a, Francia, Inglaterra, B\u00e9lgica y Rusia.[\/vc_column_text][vc_empty_space height=\u00bb68px\u00bb]<div class=\"eltdf-section-title-holder eltdf-default-separator-image\" style=\"text-align: left\">\n\t\t\t\t\t<h4 class=\"eltdf-st-text\" >Puedes seguirme en:<\/h4>\n\t<\/div>    <span class=\"eltdf-icon-shortcode eltdf-normal\" style=\"margin: 0px 15px 0px 0px\" data-hover-color=\"#999999\" data-color=\"#232323\">\n                    <a itemprop=\"url\" class=\"\" href=\"https:\/\/www.facebook.com\/goloarte\" target=\"_blank\">\n                    <i class=\"eltdf-icon-font-awesome fa fa-facebook eltdf-icon-element\" style=\"color: #232323;font-size:20px\" ><\/i>                    <\/a>\n            <\/span>\n    <span class=\"eltdf-icon-shortcode eltdf-normal\" style=\"margin: 0px 15px 0px 0px\" data-hover-color=\"#999999\" data-color=\"#232323\">\n                    <a itemprop=\"url\" class=\"\" href=\"https:\/\/www.instagram.com\/goloarte\" target=\"_blank\">\n                    <i class=\"eltdf-icon-font-awesome fa fa-instagram eltdf-icon-element\" style=\"color: #232323;font-size:20px\" ><\/i>                    <\/a>\n            <\/span>\n    <span class=\"eltdf-icon-shortcode eltdf-normal\" style=\"margin: 0px 10px 0px 0px\" data-hover-color=\"#999999\" data-color=\"#232323\">\n                    <a itemprop=\"url\" class=\"\" href=\"https:\/\/www.youtube.com\/channel\/UCf-QzCDBr6mjw2vlLD3qBbw\" target=\"_blank\">\n                    <i class=\"eltdf-icon-font-awesome fa fa-youtube eltdf-icon-element\" style=\"color: #232323;font-size:20px\" ><\/i>                    <\/a>\n            <\/span>\n[\/vc_column][\/vc_row][vc_row disable_background_image=\u00bb\u00bb][vc_column]\n<div class=\"wpcf7 no-js\" id=\"wpcf7-f4448-o1\" lang=\"en-US\" dir=\"ltr\" data-wpcf7-id=\"4448\">\n<div class=\"screen-reader-response\"><p role=\"status\" aria-live=\"polite\" aria-atomic=\"true\"><\/p> <ul><\/ul><\/div>\n<form action=\"\/index.php\/wp-json\/wp\/v2\/pages\/6801#wpcf7-f4448-o1\" method=\"post\" class=\"wpcf7-form init cf7_custom_style_1\" aria-label=\"Contact form\" novalidate=\"novalidate\" data-status=\"init\">\n<fieldset class=\"hidden-fields-container\"><input type=\"hidden\" name=\"_wpcf7\" value=\"4448\" \/><input type=\"hidden\" name=\"_wpcf7_version\" value=\"6.1.5\" \/><input type=\"hidden\" name=\"_wpcf7_locale\" value=\"en_US\" \/><input type=\"hidden\" name=\"_wpcf7_unit_tag\" value=\"wpcf7-f4448-o1\" \/><input type=\"hidden\" name=\"_wpcf7_container_post\" value=\"0\" \/><input type=\"hidden\" name=\"_wpcf7_posted_data_hash\" value=\"\" \/>\n<\/fieldset>\n<div class=\"eltdf-cf7-big-columns clearfix\">\n\t<div class=\"eltdf-cf7-big-column eltdf-column-gray\">\n\t\t<p><span class=\"wpcf7-form-control-wrap\" data-name=\"your-email\"><input size=\"40\" maxlength=\"400\" class=\"wpcf7-form-control wpcf7-email wpcf7-validates-as-required wpcf7-text wpcf7-validates-as-email\" aria-required=\"true\" aria-invalid=\"false\" placeholder=\"SU EMAIL\" value=\"\" type=\"email\" name=\"your-email\" \/><\/span>\n\t\t<\/p>\n\t<\/div>\n\t<div class=\"eltdf-cf7-big-column eltdf-column-alto\">\n\t\t<p><span class=\"wpcf7-form-control-wrap\" data-name=\"your-message\"><textarea cols=\"10\" rows=\"1\" maxlength=\"2000\" class=\"wpcf7-form-control wpcf7-textarea\" aria-invalid=\"false\" placeholder=\"SU MENSAJE\" name=\"your-message\"><\/textarea><\/span>\n\t\t<\/p>\n\t<\/div>\n\t<div class=\"eltdf-cf7-big-column eltdf-column-white\">\n\t\t<p><span class=\"wpcf7-form-control-wrap\" data-name=\"your-name\"><input size=\"40\" maxlength=\"400\" class=\"wpcf7-form-control wpcf7-text wpcf7-validates-as-required\" aria-required=\"true\" aria-invalid=\"false\" placeholder=\"SU NOMBRE\" value=\"\" type=\"text\" name=\"your-name\" \/><\/span>\n\t\t<\/p>\n\t<\/div>\n\t<div class=\"eltdf-cf7-big-column eltdf-column-dark-gray\">\n\t\t<p><input class=\"wpcf7-form-control wpcf7-submit has-spinner\" type=\"submit\" value=\"Enviar\" \/>\n\t\t<\/p>\n\t<\/div>\n<\/div><div class=\"wpcf7-response-output\" aria-hidden=\"true\"><\/div>\n<\/form>\n<\/div>\n[\/vc_column][\/vc_row]<\/p>\n","protected":false},"excerpt":{"rendered":"<p>[vc_row row_content_width=\u00bbgrid\u00bb disable_background_image=\u00bb\u00bb css=\u00bb.vc_custom_1487667662669{padding-top: 10.4% !important;padding-bottom: 15% !important;}\u00bb][vc_column offset=\u00bbvc_col-lg-offset-0 vc_col-lg-5 vc_col-md-offset-0 vc_col-md-12 vc_col-sm-offset-0&#8243;][\/vc_column][vc_column offset=\u00bbvc_col-lg-offset-0 vc_col-lg-7 vc_col-md-offset-0 vc_col-md-12 vc_col-sm-offset-0&#8243;][vc_empty_space height=\u00bb11px\u00bb][vc_empty_space height=\u00bb30px\u00bb][vc_column_text]Me llamo Natalia Golovastikova y nac\u00ed en Saratov (Rusia). Desde muy corta edad despert\u00f3 en m\u00ed una gran afici\u00f3n por la [&hellip;]<\/p>\n","protected":false},"author":1,"featured_media":0,"parent":0,"menu_order":0,"comment_status":"closed","ping_status":"closed","template":"full-width.php","meta":{"footnotes":""},"class_list":["post-6801","page","type-page","status-publish","hentry"],"_links":{"self":[{"href":"https:\/\/www.goloarte.com\/index.php\/wp-json\/wp\/v2\/pages\/6801","targetHints":{"allow":["GET"]}}],"collection":[{"href":"https:\/\/www.goloarte.com\/index.php\/wp-json\/wp\/v2\/pages"}],"about":[{"href":"https:\/\/www.goloarte.com\/index.php\/wp-json\/wp\/v2\/types\/page"}],"author":[{"embeddable":true,"href":"https:\/\/www.goloarte.com\/index.php\/wp-json\/wp\/v2\/users\/1"}],"replies":[{"embeddable":true,"href":"https:\/\/www.goloarte.com\/index.php\/wp-json\/wp\/v2\/comments?post=6801"}],"version-history":[{"count":19,"href":"https:\/\/www.goloarte.com\/index.php\/wp-json\/wp\/v2\/pages\/6801\/revisions"}],"predecessor-version":[{"id":7346,"href":"https:\/\/www.goloarte.com\/index.php\/wp-json\/wp\/v2\/pages\/6801\/revisions\/7346"}],"wp:attachment":[{"href":"https:\/\/www.goloarte.com\/index.php\/wp-json\/wp\/v2\/media?parent=6801"}],"curies":[{"name":"wp","href":"https:\/\/api.w.org\/{rel}","templated":true}]}}